29
-12121 (base 4) to base 7
-1123
What is -111011010101 (base 2) in base 14?
-1553
-8bbc (base 13) to base 2
-100110010000110
Convert -1b370 (base 13) to base 3.
-2201011001
10567 (base 8) to base 3
20010121
Convert 11111011011101 (base 2) to base 7.
64630
Convert 223 (base 5) to base 9.
70
-4a6 (base 15) to base 10
-1056
Convert 4166 (base 9) to base 10.
3057
53 (base 10) to base 3
1222
What is 1887 (base 9) in base 5?
21311
2a257 (base 12) to base 15
127a7
What is -7358 (base 10) in base 4?
-1302332
What is -322410 (base 5) in base 4?
-2223210
What is 1021 (base 3) in base 7?
46
-122124 (base 5) to base 2
-1001000111000
2036 (base 16) to base 4
2000312
Convert 7b5c (base 14) to base 5.
1141241
Convert 91da (base 16) to base 7.
213600
3535 (base 8) to base 11
1464
10b4 (base 15) to base 5
103134
Convert 213 (base 14) to base 7.
1123
What is -16622 (base 9) in base 5?
-331231
100010 (base 3) to base 10
246
What is -1a42 (base 12) in base 13?
-1607
Convert 112011 (base 3) to base 10.
382
1021001201 (base 3) to base 6
310544
211111 (base 3) to base 2
1001011111
What is -38862 (base 10) in base 6?
-455530
What is 692 (base 11) in base 15?
3a2
What is -3100002 (base 5) in base 7?
-265531
Convert -1101010101 (base 2) to base 14.
-44d
1154 (base 12) to base 7
5434
What is -102010 (base 4) in base 15?
-521
What is -52431 (base 6) in base 13?
-32b3
What is 552 (base 9) in base 3?
121202
-10033 (base 6) to base 13
-7a4
Convert -4995 (base 10) to base 4.
-1032003
What is -319 (base 14) in base 13?
-380
What is -9035 (base 11) in base 14?
-4545
What is -59f (base 16) in base 5?
-21224
What is 6561 (base 8) in base 10?
3441
What is 7b97 (base 12) in base 16?
35e3
1010101001010000 (base 2) to base 10
43600
Convert -3271 (base 10) to base 12.
-1a87
-29ca (base 16) to base 2
-10100111001010
-1000010010110011 (base 2) to base 13
-12602
Convert -2789a (base 11) to base 8.
-115374
-145432 (base 6) to base 13
-6608
What is -206341 (base 8) in base 5?
-4200313
1001111100011 (base 2) to base 5
130331
1025 (base 7) to base 5
2422
416 (base 15) to base 10
921
What is 31b (base 13) in base 4?
20103
What is 2276 (base 9) in base 10?
1689
Convert -b1c (base 16) to base 10.
-2844
1011010 (base 2) to base 15
60
bac (base 14) to base 3
10011111
Convert 502 (base 11) to base 2.
1001011111
-47050 (base 8) to base 11
-1403a
What is 24a (base 11) in base 13?
19a
What is 1662 (base 9) in base 14?
66b
What is 983 (base 13) in base 12?
b38
What is 200024 (base 5) in base 7?
24156
Convert 199 (base 16) to base 15.
1c4
Convert 11001111101110 (base 2) to base 7.
53521
-ca (base 16) to base 11
-174
Convert 110434 (base 6) to base 5.
243423
Convert -62156 (base 8) to base 13.
-b919
235 (base 16) to base 13
346
-110000110111 (base 2) to base 11
-2393
Convert 2b5 (base 13) to base 16.
1e6
100101110110101 (base 2) to base 16
4bb5
Convert 132064 (base 7) to base 11.
17653
Convert 3b0 (base 15) to base 11.
6a4
Convert -4a7 (base 12) to base 5.
-10303
What is 110435 (base 6) in base 12?
541b
What is -31231030 (base 4) in base 14?
-16660
3223011 (base 4) to base 16
3ac5
What is -1024 (base 8) in base 2?
-1000010100
-11050 (base 7) to base 13
-135a
What is -8a (base 13) in base 7?
-222
What is -16012 (base 9) in base 12?
-6402
What is 10131112 (base 4) in base 7?
104146
Convert -18480 (base 9) to base 16.
-31f5
Convert -225c (base 15) to base 5.
-213122
Convert -2566 (base 7) to base 14.
-4dd
What is 4a4 (base 14) in base 9?
1241
-1645a (base 11) to base 13
-a71a
Convert -1775 (base 10) to base 8.
-3357
563 (base 14) to base 13
641
a9b4 (base 13) to base 8
56126
What is 1290 (base 13) in base 6?
20140
Convert 22032 (base 8) to base 9.
13608
What is -1e9a (base 16) in base 11?
-5982
198a2 (base 11) to base 3
1101222221
What is 8868 (base 9) in base 14?
2554
Convert -712 (base 11) to base 2.
-1101011100
-251 (base 9) to base 15
-dd
Convert -3760 (base 8) to base 11.
-1588
-254b (base 13) to base 16
-14b6
What is -44533 (base 7) in base 4?
-2233231
What is -78a (base 14) in base 15?
-699
Convert -1108 (base 14) to base 4.
-232010
Convert 3053 (base 6) to base 16.
2a9
10301213 (base 4) to base 5
1111214
11201 (base 3) to base 4
1333
-2070 (base 16) to base 15
-26d9
Convert 592 (base 11) to base 9.
864
7051 (base 14) to base 4
10231033
6ab (base 13) to base 7
3240
What is 6e3 (base 15) in base 7?
4362
Convert -21523 (base 7) to base 2.
-1010100011111
Convert -10200100 (base 3) to base 5.
-41212
1122101 (base 3) to base 13
712
Convert 23130 (base 4) to base 5.
10412
Convert 20c (base 14) to base 13.
251
Convert -19f (base 16) to base 6.
-1531
What is 3149 (base 12) in base 16?
1509
Convert 20031 (base 4) to base 9.
643
Convert -405 (base 7) to base 10.
-201
What is 2003 (base 5) in base 7?
511
What is 100100101000001 (base 2) in base 16?
4941
Convert 621 (base 13) to base 4.
100101
What is -1776 (base 15) in base 6?
-35233
-211001 (base 3) to base 9
-731
What is 12355 (base 9) in base 12?
4988
What is -1113 (base 8) in base 4?
-21023
What is 1334 (base 16) in base 8?
11464
What is 1143 (base 7) in base 11?
355
What is 3857 (base 10) in base 16?
f11
Convert -406 (base 13) to base 7.
-1663
What is 112142 (base 5) in base 3?
12112220
Convert -202 (base 12) to base 13.
-194
Convert 5317 (base 10) to base 11.
3aa4
What is -19d2 (base 14) in base 8?
-11124
What is -159 (base 12) in base 3?
-21220
Convert e5d (base 15) to base 2.
110010100110
-1447 (base 11) to base 14
-974
-1124 (base 10) to base 9
-1478
303033 (base 4) to base 12
1a93
356a (base 14) to base 4
2101122
Convert -7742 (base 8) to base 13.
-1b0a
Convert -1004044 (base 5) to base 15.
-4bb9
What is -5a (base 15) in base 9?
-104
Convert -12011100 (base 3) to base 11.
-2910
What is 465 (base 11) in base 12?
3a3
What is -45521 (base 6) in base 14?
-24d3
Convert -353 (base 9) to base 4.
-10203
Convert 419b (base 15) to base 3.
201000202
1210 (base 9) to base 2
1110000100
What is -3313 (base 5) in base 12?
-322
-13835 (base 9) to base 14
-3616
-388 (base 9) to base 16
-143
Convert -363 (base 13) to base 8.
-1114
Convert 4423 (base 5) to base 14.
31b
What is 42362 (base 8) in base 7?
102313
Convert -1050 (base 8) to base 16.
-228
What is -2001 (base 6) in base 12?
-301
Convert 230 (base 15) to base 5.
3440
-622 (base 16) to base 8
-3042
Convert -615a (base 12) to base 8.
-24526
Convert 30c8 (base 15) to base 4.
2201021
Convert 1b0 (base 13) to base 15.
15c
What is -110201 (base 3) in base 6?
-1331
77c (base 16) to base 12
1138
Convert 155 (base 14) to base 15.
131
Convert -141 (base 14) to base 9.
-311
Convert -845 (base 10) to base 6.
-3525
111000 (base 2) to base 9
62
-3bc (base 14) to base 2
-1011110010
10d (base 14) to base 2
11010001
-33a (base 15) to base 4
-23122
-1316 (base 10) to base 6
-10032
Convert 13561 (base 11) to base 16.
4b6a
Convert 35b (base 15) to base 6.
3305
What is 472 (base 11) in base 3?
202212
-203003 (base 6) to base 15
-4c03
-2772 (base 9) to base 12
-1262
What is -268 (base 10) in base 9?
-327
Convert -240 (base 11) to base 4.
-10132
211201 (base 3) to base 15
2ad
Convert -1432 (base 8) to base 3.
-1002102
Convert -25354 (base 6) to base 8.
-7346
Convert 1633 (base 8) to base 12.
64b
12a7 (base 15) to base 2
111110001110
What is -11011000001011 (base 2) in base 5?
-420320
Convert 45 (base 16) to base 11.
63
What is -40 (base 13) in base 2?
-110100
957 (base 16) to base 13
111c
-442 (base 8) to base 10
-290
Convert -664 (base 7) to base 6.
-1324
Convert 36742 (base 8) to base 4.
3313202
Convert 98b (base 12) to base 2.
10101111011
Convert -777 (base 9) to base 7.
-1600
-10010110111 (base 2) to base 7
-3343
Convert 5434 (base 10) to base 12.
318a
Convert -60 (base 14) to base 11.
-77
-10010000000001 (base 2) to base 14
-3505
What is -31434 (base 6) in base 14?
-17b0
Convert 19c8 (base 13) to base 4.
330222
What is -3202 (base 5) in base 8?
-653
Convert -1081 (base 9) to base 8.
-1442
Convert -134330 (base 5) to base 14.
-2074
Convert -83 (base 12) to base 8.
-143
3062 (base 12) to base 10
5258
What is -178a (base 11) in base 7?
-6431
What is 111000011 (base 2) in base 12?
317
Convert 114512 (base 6) to base 9.
14788
What is 1b9c (base 13) in base 3?
12202000
What is -114532 (base 7) in base 14?
-7852
Convert 4222 (b